l). Does 4 divide a(4)?
False
Let l(h) = h. Let r be (3/2)/(6/8). Let s be l(r). Suppose -s*t = 6 - 18. Is 6 a factor of t?
True
Let k(w) = -22*w**3 + 5*w**2 + 13*w + 2. Does 16 divide k(-2)?
False
Suppose 1977 = 2*i + 3*n, 4*i - 2*n - 1742 = 2172. Is 109 a factor of i?
True
Suppose -3*b + 6*b + 4*z = 340, -342 = -3*b - 3*z. Is b a multiple of 7?
False
Suppose 9*l - 4287 = 330. Is 18 a factor of l?
False
Let g(d) = -4*d**2 - 48*d + 36. Does 24 divide g(-9)?
True
Suppose 193*p = 192*p + 30. Does 15 divide p?
True
Let v(t) = -2*t + 6. Let d be v(4). Does 23 divide 107 - (d + -1 + 3)?
False
Let x(y) be the third derivative of y**4/4 - 2*y**3 + 5*y**2 + 23*y. Let b = -9 - -13. Does 6 divide x(b)?
True
Suppose 0 + 12 = 3*i. Suppose c - 4*t = -9, i*c + 3 = 5*t + 11. Is 3 a factor of c?
False
Let k = -4 + 6. Suppose 4*a + 2*p - 230 = 0, -3*p - 118 = -k*a - p. Is 22 a factor of (-5 + 7)/(4/a)?
False
Suppose -2*a - 542 = 5*c - 1824, 0 = -a + 2*c + 650. Does 38 divide a?
True
Let t(s) = 21*s + 71. Is 4 a factor of t(16)?
False
Suppose 3*u + 77 = -i, -5*u + 5*i = 136 - 1. Let j be (-3874)/(-65) - 6/(-15). Let m = j + u. Does 14 divide m?
False
Let r(v) = 2*v**3 + 14*v**2 - 19*v. Let a be r(-8). Is 0*-1*1/(-2) + a a multiple of 5?
False
Let m be (-18)/(-4) - (-22)/44. Suppose 0 = -m*i + 5*s + 185, 2*i + 4*s - 56 = -0*s. Is 16 a factor of i?
False
Suppose -2*b + i + 535 = -724, -i - 629 = -b. Is b a multiple of 70?
True
Let l(j) = -2*j - 7. Let x be l(-6). Let k = -3 + x. Suppose 140 = -0*c + 2*c - 5*r, k*r = -8. Does 20 divide c?
True
Let q(o) = 2*o**2 + 7*o + 12. Does 75 divide q(11)?
False
Let r(p) = 8*p**2 - 8*p - 9. Is r(8) even?
False
Suppose -12*c + 1210 = -5594. Suppose -4*r - 4*g + 564 = 0, c = 4*r + 5*g - 2*g. Does 16 divide r?
True
Let m(r) = -7*r + 2. Let b be m(-1). Suppose -29 = 2*k + 5*c, -2*k + c - b = 2*c. Let f(u) = 3*u**2 - u + 3. Does 8 divide f(k)?
False
Let g(q) = 78*q**2 + 10*q + 9. Is 6 a factor of g(-1)?
False
Let q = 142 - 103. Is 6 a factor of q?
False
Suppose 73*k + 554 = 75*k. Is k a multiple of 8?
False
Let b = -2 - -4. Suppose 0 - 4 = -b*y. Suppose -y*k = -136 - 48. Does 23 divide k?
True
Let v be (-117)/(-54) + (-1)/6. Suppose 3*j + v = 11. Suppose 282 = j*p + 4*c, c + 444 = 5*p - c. Is 18 a factor of p?
True
Let u(s) = 3*s**2 - 2*s + 7. Let q be u(-8). Let m = q + -122. Let d = m + -50. Is 19 a factor of d?
False
Let v be (-8)/56 + 22/7. Suppose -3*b + 4*k = -6, b - 1 = -3*b + v*k. Is 14 a factor of b/(-4)*(-56)/(-1)?
True
Let s be ((-1)/3)/((-4)/36). Suppose 0 = 3*c - 2*v - 59, 7*c - s*c - 76 = 4*v. Is 7 a factor of c?
True
Let l be (0 + 5)/5 - -2. Suppose 142 = 11*z - 6*z + 4*k, -l*z + 5*k + 63 = 0. Is 26 a factor of z?
True
Let x(y) = -y**3 + 5*y**2 - 7. Let q be x(5). Let p = q + 11. Suppose -p*c + 159 = z + 2*z, -z + 77 = 2*c. Is c a multiple of 12?
True
Suppose -2*b + 19 = 3*b + 2*u, 2*u - 4 = 0. Suppose -b*m - 2*w + 92 = -7*w, 4*w = -16. Suppose 2*f - m = 52. Does 9 divide f?
False
Let g(q) = -15*q**2 + 3*q + 2. Let i(s) = 23*s**2 - 5*s - 3. Let v(r) = -8*g(r) - 5*i(r). Does 18 divide v(2)?
False
Let u(w) = w - 6. Let j be (24/20)/((-1)/(-5)). Let o be u(j). Suppose o*n + 27 = n. Is n a multiple of 9?
True
Let o = 720 + -536. Is 23 a factor of o?
True
Let i(v) = -17*v**2 - 5*v + 12. Let l be i(5). Does 14 divide ((-4)/6*1)/(4/l)?
False
Suppose 3*h = 4*w + 96, -w + 2*h - 12 = 12. Let p = -16 - w. Let j = p + 6. Does 3 divide j?
False
Let f(i) = 3*i - 46. Let y be f(17). Suppose y*a = 3*t - 408, -3*a = t + 3*t - 573. Is t a multiple of 45?
False
Let k be 0/((-3)/(-5)*5/1). Suppose k*j + 185 = 5*j. Is 34 a factor of j?
False
Suppose r + 3*q - 16 = 0, 4*r - 7 = -3*q + 21. Suppose -2*c - 3 = 7, 3*p - r*c - 2 = 0. Is 16 a factor of (-98)/p + 3/(-9)?
True
Is 19/(-228) + (36759/36 - -2) a multiple of 37?
False
Let v = 1245 - 588. Suppose -6*g + 9*g - v = 0. Suppose 2*o + 2*o - 82 = -2*z, -5*z = -4*o - g. Is z a multiple of 12?
False
Let h(a) = 50*a - 130. Is h(7) a multiple of 4?
True
Let r(n) be the third derivative of n**6/120 - n**5/12 + n**4/8 + 7*n**3/6 - 5*n**2. Does 16 divide r(6)?
False
Suppose 2*t - 22 = -k, 0 = t - 3 - 1. Suppose 0 = 5*s - 3*n - 70, -4*s = 2*n - k - 20. Is 5 a factor of s?
False
Let c = 5 + -4. Let o be ((-8)/(-3))/(c/12). Suppose -5*q - 5 = 0, -v - 3*q = -5*q - o. Is 11 a factor of v?
False
Let m = 5 + 11. Let d = m + 38. Is d a multiple of 27?
True
Is (-22)/(-297) - 11/(891/(-73866)) a multiple of 19?
True
Let g = -387 - -621. Let d = 338 - g. Suppose 3*y - 28 - d = 0. Is y a multiple of 12?
False
Let b = -73 - -79. Suppose b = z - 6. Is z even?
True
Suppose -13 = 5*i - 5*r - 183, -2*i = -4*r - 68. Let s = i + 27. Is s a multiple of 9?
False
Let s = 6 + -3. Suppose -2*p - 56 = -s*p. Is p a multiple of 11?
False
Suppose 59*s = 36335 - 1407. Does 56 divide s?
False
Let b = 2162 - 954. Does 4 divide b?
True
Let j(h) be the third derivative of -h**5/60 - h**4/24 - h**3/6 - 3*h**2. Let z(i) = 15*i**2 + 4*i + 9. Let r(b) = 6*j(b) + z(b). Is r(3) a multiple of 20?
False
Let a(j) = -27*j + 11. Is a(-15) a multiple of 68?
False
Suppose -14*i - 44 = -16*i. Is i a multiple of 4?
False
Suppose -945 = -74*t + 69*t. Does 21 divide t?
True
Let w = 757 + -451. Is 41 a factor of w?
False
Is -4 + 91/28 - 79410/(-24) a multiple of 25?
False
Let x(a) = -a**3 - a**2 - 2*a + 3. Let o be x(0). Suppose 5*p = f - 2*f - 55, o*p - 4*f + 33 = 0. Let v(m) = m**2 + 8*m - 14. Does 6 divide v(p)?
False
Suppose 10*j = 220 - 840. Suppose 5*a + 33 - 8 = 0, -w = -4*a - 133. Let x = w + j. Is x a multiple of 15?
False
Let d(m) = -m**2 + 2*m + 3. Let i be d(3). Let n be (-4)/4 - -1*(-2 + 3). Suppose -3*h + l + l + 121 = i, 2*l + 10 = n. Does 5 divide h?
False
Suppose 5*r + 30 = -0*r + 5*k, 2*r - 5*k + 21 = 0. Let d = -1 - r. Suppose h = -d*h + 114. Does 19 divide h?
True
Suppose -j + 6 = 2. Is -78*(5/2 - j) a multiple of 18?
False
Let m(s) be the third derivative of -s**4/12 + s**3/2 - 14*s**2. Is m(-6) a multiple of 9?
False
Suppose 2*z - 3*z + 4 = 0, 5*u - 3*z - 33 = 0. Suppose 0 = -2*p + u + 91. Does 39 divide p?
False
Is 16 a factor of (-4)/(-30) - (-311806)/330?
False
Let g(r) = -2*r - 9. Suppose 5*f - 10 = -y, 0*f - 3*f - y = -6. Suppose -7*t - 1 = f*h - 2*t, -3*h - 4*t - 12 = 0. Does 2 divide g(h)?
False
Let b(o) = 7*o - 1 - 19*o + 9*o + 6*o. Suppose -4*r = -5*k - 45, -4*k + 20 = 3*r - 5*k. Is 7 a factor of b(r)?
True
Let h = 13 + 0. Let t(w) = 2*w + 2. Is t(h) a multiple of 4?
True
Let m be 10 + (1 - 1 - -2). Let l = 12 - m. Suppose 4*b + l*b = 68. Does 3 divide b?
False
Let d(b) = 78*b + 304. Does 26 divide d(10)?
False
Is 10/(5/70*7) a multiple of 2?
True
Let y(m) = 5*m**3 - 2*m**2 - 3*m + 14. Is 20 a factor of y(2)?
True
Let c be (-3)/(-2) + (-5)/(-2). Suppose -c*h - 4 = -6*h. Suppose -207 + 69 = -h*l. Does 20 divide l?
False
Let p(f) = f**2 + 3*f - 4. Let y be p(0). Let u(d) = d**3 + 4*d**2 - 5*d. Let m be u(y). Suppose -b = -m + 2. Is 6 a factor of b?
True
Suppose 0 = -4*t + r - 15, -3*t + 9 = r + 29. Let p(o) = -15*o + 13. Does 4 divide p(t)?
True
Suppose 0 = 4*b + 7*n - 1188, 6*n - 10*n + 1485 = 5*b. Does 33 divide b?
True
Let i = 447 - 263. Does 9 divide i?
False
Let w = 360 - 282. Is w a multiple of 39?
True
Let x(t) = t - 34. Let w be x(15). Let f = -20 - 11. Let k = w - f. Is k a multiple of 6?
True
Let k(l) = 65*l**2 + 2 + 1 - 4 + 16*l**2. Is k(-1) a multiple of 14?
False
Let v(h) = 6*h**3 - 8*h**2 + 18*h - 5. Is 17 a factor of v(4)?
True
Let u be ((-198)/(-4))/(-3)*4/6. Let t(m) = -4*m - 18. Is t(u) a multiple of 13?
True
Let i(t) = 6*t - 29. Let z be i(8). Suppose 0 = -z*s + 9*s + 2520. Is 36 a factor of s?
True
Let m(w) = w**2 - 10*w + 11. Let z be m(9). Suppose 0 = k - z*k + 8. Does 8 divide k?
True
Let k be 6840/11 - ((-20)/(-55))/(-2). Suppose -4*n - 364 = -4*p, -4*p + 2*n + k - 258 = 0. Does 11 divide p?
False
Let n(z) = 190*z + 64. Does 7 divide n(4)?
False
Suppose 0 = -2*o + 27*o - 8875. Does 16 divide o?
False
Suppose -716*x = -693*x - 2576. Is x a multiple of 56?
True
Suppose 0*q + 60 = -5*q + 3*p, 3*q + 70 = -5*p. Is 32 a factor of q/(-2)*56/4?
False
Suppose 4825 = 5*x - 5*a, -2*a + 1910 = -0*x + 2*x. Is x a multiple of 46?
False
Suppose -2*c + 4 = -3*x, 5*x - 4 = -2*c - 0*c. Suppose -c*q + 143 = 